5*b + 2*t = -g, b + 44 = -t + 221. Calculate the greatest common factor of 22 and b.
22
Let n = 10 + 23. Calculate the highest common divisor of 11 and n.
11
Let j be 22*(-2)/(-4) + 1. Let a = 7 + -4. Suppose 21 = 3*i - a. Calculate the greatest common factor of j and i.
4
Let p(x) = 3*x + 15. Let d be p(10). Calculate the highest common factor of 30 and d.
15
Let u be (105/(-14))/(-2*3/24). Calculate the greatest common factor of u and 6.
6
Let b = 2 + 3. Suppose -7 = 4*l + b*q, 0 = -0*l + 3*l - 3*q - 15. What is the greatest common divisor of l and 1?
1
Suppose 6*x - 960 = 2*x. Suppose 0*y = 4*y - x. What is the highest common factor of y and 20?
20
Let g(q) = 4*q**3 - 5*q**3 - 6*q**2 + 6 + 2*q**3 + q + 0*q**3. Let x be g(6). What is the greatest common factor of 8 and x?
4
Suppose 3*d = -i + 30, d = -4*d + 25. Let w = i + -3. Calculate the greatest common divisor of 6 and w.
6
Suppose -2*p - 5 = 2*y + y, -2*p = 2*y + 2. Let i = 135 + y. Let x be -1 + (-24)/(-15) + (-912)/(-80). Calculate the greatest common factor of i and x.
12
Let h be 32*(4/(-8) + 1). Calculate the highest common divisor of h and 80.
16
Let m(p) = 5*p - 14. Let b be m(6). What is the greatest common factor of b and 24?
8
Let z = -37 + 26. Let b = 22 + z. Let m = 105 - 17. Calculate the greatest common factor of b and m.
11
Let t = 65 + -55. Suppose 3*c + 400 = 5*i, -115 = -5*i - 4*c + 285. Calculate the greatest common divisor of i and t.
10
Suppose 56 - 546 = -7*r. Let t = 68 + -48. Suppose -a + 3*a - t = 0. What is the greatest common factor of a and r?
10
Let j(m) = m + 9. Let d be j(-13). Let o be 12/(-8)*d*1. What is the highest common divisor of o and 15?
3
Let p(j) = j**2 - 5*j + 1. Let g be p(4). Let f be (3/(-2))/(g/6). Calculate the highest common divisor of f and 3.
3
Suppose 4*c + 26 = 150. Calculate the highest common factor of 62 and c.
31
Let r be (-1 + -1)/(2/6). Let q(x) = -x - 5. Let j be q(r). Suppose -12 = k + 5*v, 2*k = -k + 3*v + 36. What is the highest common factor of j and k?
1
Let s be (9/(-6))/(2/(-4)). Suppose -g + 3*u = s, 4 = 4*g + u - 5*u. Suppose -2*y = g*y - 35. What is the greatest common factor of y and 35?
7
Suppose 0 = -d + 5*c + 30, 3*c + 13 = -2. Calculate the highest common divisor of 25 and d.
5
Let j be (-12)/8*8/(-6). Suppose 10 + 144 = -j*b. Let f = b - -229. What is the highest common factor of f and 19?
19
Let n(q) be the first derivative of -q**2 - q + 3. Let v be n(-1). Let z be v + (-1)/1 - -7. What is the greatest common factor of z and 56?
7
Let f be (-1)/2 - 235/(-10). Suppose -4*v + 7 = -1. Suppose -f = -5*a + v*q, 5*a + q - 31 = 5*q. Calculate the highest common divisor of a and 3.
3
Let l = -82 + 139. What is the greatest common factor of 38 and l?
19
Let h be 6/8 - (-53)/4. What is the greatest common factor of h and 35?
7
Let t be 1/(6/(-4))*-165. Suppose -r - 2*a = -38, 3*a - 50 = -r + 5*a. What is the highest common divisor of r and t?
22
Suppose -50 = -2*a - 8. Suppose 3*g + 2*g = 60. Suppose -4*d + 0*d = -g. What is the highest common factor of d and a?
3
Suppose 351 = 14*j + 71. What is the greatest common divisor of j and 5?
5
Let h(d) = -d**3 - 9*d**2 + 8. Let b be h(-9). Calculate the highest common factor of 4 and b.
4
Suppose 0 = 5*c + 4*s - 124, 3*c - c + 4*s = 40. Calculate the greatest common factor of c and 7.
7
Let z be 1/((-9)/6 + 2). What is the highest common factor of z and 18?
2
Suppose -7*r + 4*r + 24 = 0. Calculate the greatest common divisor of 56 and r.
8
Suppose 0 = -3*m - n + 429, n = m + 4*m - 715. Calculate the greatest common divisor of 13 and m.
13
Suppose d + t = -9, 2*d - 5*t + 4*t + 30 = 0. Let x = d - -23. What is the highest common factor of x and 20?
10
Suppose -5*y + 149 = -196. Let b = 109 - y. Suppose 0 = -5*f + 10, -3*r + 2*f - 84 = -8*r. What is the greatest common factor of b and r?
8
Let k be (-57)/(-9) - (-2)/3. What is the highest common divisor of 14 and k?
7
Let m be ((-20)/6)/(8/(-36)). What is the highest common divisor of 120 and m?
15
Suppose 2*j + 5*n - 11 = 0, 2*j + 0*n - 31 = -n. Let z = 31 - j. Let i = 34 - z. What is the greatest common factor of 3 and i?
3
Let s(b) = b. Let l be (-3)/(-9) - 23/(-3). Let y be s(l). Suppose -5*v + 17 = 7. What is the greatest common divisor of y and v?
2
Let k(r) = r**3 + 6*r**2 - 7*r + 1. Let m be k(-7). Let s be (-9)/(-2*(-1)/(-2)). Calculate the highest common factor of m and s.
1
Let j(g) = -3 - 6*g - 4 - 3 + 1. Let d be j(-10). Calculate the highest common factor of d and 34.
17
Let y be -30*(140/(-25) - -4). Calculate the highest common divisor of y and 32.
16
Let a = -10 + 14. What is the highest common factor of a and 6?
2
Let b = -31 - -39. Calculate the highest common factor of b and 24.
8
Let w(s) = -s + 15. Let u be w(11). What is the greatest common divisor of 20 and u?
4
Let s be 6/(-15) + (-22)/(-5). Suppose 24 = 2*b - 62. Let f = b + -7. What is the greatest common factor of s and f?
4
Suppose -4*d + 20 = -0*d. Let x = 69 - 12. Let r = x - 22. What is the greatest common divisor of r and d?
5
Let y be (1 + -3)/((-1)/7). Let q be 1*1/(1/7). What is the highest common divisor of y and q?
7
Let c(y) = y**2 - 11*y + 25. Let o be c(11). What is the highest common factor of 75 and o?
25
Suppose -2*c = 6 - 2. Let m be 1/(-1 - c) + 19. Let a = 1 + 3. What is the highest common divisor of a and m?
4
Let u(a) be the second derivative of -a**5/20 - a**4/12 + 5*a**3/6 - 5*a**2/2 + 5*a. Let x be u(-5). Calculate the greatest common divisor of x and 10.
10
Let z = 1 - -19. Suppose -o = -2*o + z. Suppose -4*s = -2*p - 24, -3*s = -4*p + 9 - 37. What is the highest common factor of s and o?
4
Let l be -4*2/2 + 22. What is the highest common divisor of 144 and l?
18
Let y be (636/(-18))/((-2)/3). Let w = y + -38. What is the highest common divisor of w and 10?
5
Let q = 26 + -21. What is the highest common factor of 10 and q?
5
Suppose -6*g + 47 = -49. What is the greatest common divisor of 2 and g?
2
Suppose 0*v = -5*v + 40. Let l be (1 + 2/(-3))*3. Calculate the highest common factor of l and v.
1
Suppose 3*p = 0, 2*p - 75 = -3*s + 60. Suppose -5*i + 63 = -37. Suppose 5*u + 5*y = i, 5*u = 2*u - 2*y + 13. What is the highest common divisor of u and s?
5
Suppose -z - 12 + 82 = 0. Let l be 4/14 - (-890)/z. Let v be 37*1 - (-1 + -1). What is the highest common factor of v and l?
13
Let x be (495/(-10))/(-9)*2. Calculate the highest common factor of x and 88.
11
Suppose 2*x = r + 12, -3*x + r = -6 - 10. Calculate the highest common divisor of 1 and x.
1
Suppose -6 = -5*o - 31. Let n = o + 10. Suppose 0 = -n*v + 18 + 32. What is the greatest common divisor of 4 and v?
2
Let o = 13 + 11. Let p(q) = -4*q - 20. Suppose 5*k + 0*k + 40 = 0. Let a be p(k). Calculate the highest common divisor of o and a.
12
Suppose -x = -0*x - 21. Let b be 537/(-7) + (-6)/x. Let i = b - -154. What is the highest common factor of 7 and i?
7
Let y be 6/4*32/24. Suppose -y*k - s + 5 = 0, -4*s - 18 = -6. What is the greatest common factor of k and 2?
2
Let r = 13 + -3. Let p(j) = 10*j**2 - 4*j - 3. Let q(h) = -h**2 - h - 1. Let m(l) = p(l) - 4*q(l). Let d be m(1). What is the highest common factor of d and r?
5
Let h be -3 + (4 + 2)/(-3) + 109. What is the highest common factor of 26 and h?
26
Let k = 15 - -5. Calculate the highest common divisor of 8 and k.
4
Let g = 18 - 13. Suppose -2*t = -g*t + 120. Calculate the highest common factor of t and 8.
8
Let i be 2/3*(17 + 13). Calculate the highest common divisor of i and 5.
5
Let x(v) = -2*v - 12. Let y be x(-8). Let a be -48*y*1/(-3). What is the highest common divisor of 16 and a?
16
Let p(v) = 2*v**2 - 5*v - 1. Let f be p(5). Suppose -a + 3 + 5 = 0. What is the greatest common factor of a and f?
8
Suppose 2*z - 147 = z. Calculate the highest common factor of z and 42.
21
Let r(g) = -g**3 - 5*g**2 - 6*g - 6. Let y be r(-4). Suppose y*t - 28 = -0*t + 4*d, -d = -4*t + 84. What is the greatest common factor of t and 154?
22
Suppose -l + 54 = 5*w, 20 = 2*l + w - 43. Let x = l - 16. What is the greatest common factor of 65 and x?
13
Suppose -317 = -4*b + 423. What is the highest common factor of b and 37?
37
Let k be ((-12)/16)/(1/(-4)). Let h(q) = 2*q**2 - 4*q. Let c be h(k). Let n be ((-3)/(-2))/(3/c). Cal